prime factors of 51433.
19, 2707
List the prime factors of 18317.
13, 1409
What are the prime factors of 1972?
2, 17, 29
List the prime factors of 2126.
2, 1063
List the prime factors of 16075.
5, 643
List the prime factors of 60779.
60779
What are the prime factors of 4362?
2, 3, 727
List the prime factors of 15141.
3, 7, 103
List the prime factors of 136478.
2, 68239
List the prime factors of 671.
11, 61
What are the prime factors of 7930?
2, 5, 13, 61
List the prime factors of 128.
2
List the prime factors of 776.
2, 97
List the prime factors of 940.
2, 5, 47
What are the prime factors of 78902?
2, 39451
List the prime factors of 2119.
13, 163
List the prime factors of 103.
103
What are the prime factors of 3949?
11, 359
What are the prime factors of 483?
3, 7, 23
What are the prime factors of 482?
2, 241
What are the prime factors of 371?
7, 53
What are the prime factors of 39730?
2, 5, 29, 137
List the prime factors of 30727.
30727
List the prime factors of 87.
3, 29
List the prime factors of 26116.
2, 6529
What are the prime factors of 16966?
2, 17, 499
What are the prime factors of 60916?
2, 97, 157
List the prime factors of 8332.
2, 2083
List the prime factors of 9824.
2, 307
List the prime factors of 2239.
2239
What are the prime factors of 1904?
2, 7, 17
List the prime factors of 13089.
3, 4363
List the prime factors of 75526.
2, 11, 3433
What are the prime factors of 39818?
2, 43, 463
What are the prime factors of 997?
997
List the prime factors of 2086.
2, 7, 149
What are the prime factors of 30385?
5, 59, 103
What are the prime factors of 3480?
2, 3, 5, 29
What are the prime factors of 742?
2, 7, 53
List the prime factors of 709.
709
List the prime factors of 22721.
22721
List the prime factors of 636.
2, 3, 53
List the prime factors of 10363.
43, 241
List the prime factors of 357.
3, 7, 17
What are the prime factors of 3756?
2, 3, 313
List the prime factors of 57458.
2, 28729
What are the prime factors of 244?
2, 61
List the prime factors of 4825.
5, 193
List the prime factors of 4776.
2, 3, 199
What are the prime factors of 10156?
2, 2539
List the prime factors of 3764.
2, 941
List the prime factors of 2041.
13, 157
What are the prime factors of 8534?
2, 17, 251
List the prime factors of 1009.
1009
What are the prime factors of 7745?
5, 1549
What are the prime factors of 1499?
1499
List the prime factors of 888.
2, 3, 37
List the prime factors of 1221.
3, 11, 37
List the prime factors of 694.
2, 347
List the prime factors of 719.
719
What are the prime factors of 10275?
3, 5, 137
What are the prime factors of 2004?
2, 3, 167
What are the prime factors of 36190?
2, 5, 7, 11, 47
List the prime factors of 1321.
1321
List the prime factors of 1449.
3, 7, 23
What are the prime factors of 3050?
2, 5, 61
What are the prime factors of 54716?
2, 13679
List the prime factors of 97787.
97787
List the prime factors of 212.
2, 53
What are the prime factors of 10736?
2, 11, 61
List the prime factors of 10749.
3, 3583
List the prime factors of 2308.
2, 577
What are the prime factors of 1631?
7, 233
What are the prime factors of 14734?
2, 53, 139
List the prime factors of 22096.
2, 1381
What are the prime factors of 5492?
2, 1373
What are the prime factors of 1978?
2, 23, 43
List the prime factors of 9682.
2, 47, 103
What are the prime factors of 874?
2, 19, 23
What are the prime factors of 13452?
2, 3, 19, 59
What are the prime factors of 6334?
2, 3167
What are the prime factors of 55609?
55609
What are the prime factors of 1177?
11, 107
What are the prime factors of 34127?
34127
List the prime factors of 27360.
2, 3, 5, 19
What are the prime factors of 493?
17, 29
What are the prime factors of 638?
2, 11, 29
List the prime factors of 9606.
2, 3, 1601
List the prime factors of 2490.
2, 3, 5, 83
What are the prime factors of 905?
5, 181
List the prime factors of 1356.
2, 3, 113
What are the prime factors of 1467?
3, 163
What are the prime factors of 12518?
2, 11, 569
List the prime factors of 299.
13, 23
What are the prime factors of 630?
2, 3, 5, 7
What are the prime factors of 26955?
3, 5, 599
What are the prime factors of 5251?
59, 89
What are the prime factors of 32957?
32957
What are the prime factors of 37602?
2, 3, 2089
What are the prime factors of 78?
2, 3, 13
List the prime factors of 8059.
8059
What are the prime factors of 183?
3, 61
List the prime factors of 45839.
23, 1993
List the prime factors of 58639.
7, 8377
What are the prime factors of 19039?
79, 241
List the prime factors of 38414.
2, 19207
What are the prime factors of 78410?
2, 5, 7841
What are the prime factors of 26270?
2, 5, 37, 71
What are the prime factors of 6441?
3, 19, 113
What are the prime factors of 355?
5, 71
What are the prime factors of 251?
251
List the prime factors of 483.
3, 7, 23
What are the prime factors of 24377?
19, 1283
What are the prime factors of 57781?
57781
What are the prime factors of 1731?
3, 577
What are the prime factors of 4072?
2, 509
List the prime factors of 6130.
2, 5, 613
What are the prime factors of 421?
421
List the prime factors of 1832.
2, 229
What are the prime factors of 19696?
2, 1231
List the prime factors of 9318.
2, 3, 1553
What are the prime factors of 2686?
2, 17, 79
List the prime factors of 35212.
2, 8803
What are the prime factors of 75128?
2, 9391
What are the prime factors of 2128?
2, 7, 19
What are the prime factors of 15183?
3, 7, 241
List the prime factors of 1138.
2, 569
What are the prime factors of 548?
2, 137
What are the prime factors of 1174?
2, 587
What are the prime factors of 5867?
5867
What are the prime factors of 9791?
9791
List the prime factors of 2244.
2, 3, 11, 17
List the prime factors of 88316.
2, 22079
What are the prime factors of 19834?
2, 47, 211
What are the prime factors of 8897?
7, 31, 41
List the prime factors of 976.
2, 61
What are the prime factors of 3530?
2, 5, 353
List the prime factors of 5379.
3, 11, 163
List the prime factors of 40664.
2, 13, 17, 23
What are the prime factors of 5818?
2, 2909
What are the prime factors of 1971?
3, 73
What are the prime factors of 41067?
3, 13
List the prime factors of 14151.
3, 53, 89
List the prime factors of 2292.
2, 3, 191
List the prime factors of 479.
479
List the prime factors of 111514.
2, 13, 4289
What are the prime factors of 4088?
2, 7, 73
What are the prime factors of 119?
7, 17
What are the prime factors of 7043?
7043
List the prime factors of 118848.
2, 3, 619
List the prime factors of 9254.
2, 7, 661
List the prime factors of 4773.
3, 37, 43
What are the prime factors of 74615?
5, 14923
List the prime factors of 75013.
75013
What are the prime factors of 7131?
3, 2377
List the prime factors of 132.
2, 3, 11
What are the prime factors of 16436?
2, 7, 587
List the prime factors of 4286.
2, 2143
List the prime factors of 5282.
2, 19, 139
What are the prime factors of 1608?
2, 3, 67
What are the prime factors of 112689?
3, 19, 659
List the prime factors of 24152.
2, 3019
What are the prime factors of 45032?
2, 13, 433
What are the prime factors of 102?
2, 3, 17
List the prime factors of 3686.
2, 19, 97
What are the prime factors of 3039?
3, 1013
What are the prime factors of 5671?
53, 107
What are the prime factors of 3758?
2, 1879
What are the prime factors of 2329?
17, 137
List the prime factors of 38227.
7, 43, 127
List the prime factors of 4323.
3, 11, 131
List the prime factors of 1953.
3, 7, 31
What are the prime factors of 3696?
2, 3, 7, 11
What are the prime factors of 3825?
3, 5, 17
What are the prime factors of 30676?
2, 7669
What are the prime factors of 1462?
2, 17, 43
List the prime factors of 587.
587
List the prime factors of 17185.
5, 7, 491
List the prime factors of 37768.
2, 4721
What are the prime factors of 37245?
3, 5, 13, 191
List the prime factors of 20495.
5, 4099
List the prime factors of 1902.
2, 3, 317
What are the prime factors of 1480?
2, 5, 37
What are the prime factors of 287?
7, 41
List the prime factors of 18352.
2, 31, 37
What are the prime factors of 19527?
3, 23, 283
List the prime factors of 723.
3, 241
List the prime factors of 1473.
3, 491
What are the prime factors of 2359?
7, 337
List the prime factors of 178016.
2, 5563
List the prime factors of 661.
661
List the prime factors of 18047.
1